{"id":116,"date":"2010-03-28T13:09:47","date_gmt":"2010-03-28T17:09:47","guid":{"rendered":"http:\/\/www.projeltestautomatisation.com\/?page_id=116"},"modified":"2010-04-27T18:41:33","modified_gmt":"2010-04-27T22:41:33","slug":"nous-contacter","status":"publish","type":"page","link":"https:\/\/www.projeltestautomatisation.com\/wordpress\/nous-contacter","title":{"rendered":"Nous Contacter"},"content":{"rendered":"<h1>Pro-Jel-Test Inc.<\/h1>\n<p>Nos bureau:<\/p>\n<ul>\n<li>687 Cowie<\/li>\n<li>Granby Qu\u00e9. Canada<\/li>\n<li>J2G-3X5<\/li>\n<li>Tel: 450-375-4721<\/li>\n<li>T\u00e9l\u00e9copieur: 450-375-6075<\/li>\n<li>Courriel: <a title=\"Courriel G\u00e9n\u00e9ral\" href=\"mailto:projeltest@qc.aira.com\" target=\"_blank\">projeltest@qc.aira.com<\/a><\/li>\n<\/ul>\n<p>Site Web: <a title=\"Site Web\" href=\"https:\/\/www.projeltestautomatisation.com\/wordpress\" target=\"_blank\">www.projeltestautomatisation.com<\/a><\/p>\n<h4>Contact personnaliser par courriel<\/h4>\n<p>Pr\u00e9sident:\u00a0 <a title=\"Me rejoindre\" href=\"Mailto:jeanluc@automatisation.com\" target=\"_blank\">Jean-Luc Therrien<\/a><\/p>\n<p>Secr\u00e9taire:\u00a0 <a title=\"Me rejoindre\" href=\"mailto:Carole@projeltestautomatisation.com\" target=\"_blank\">Carole Dub\u00e9<\/a><\/p>\n<p>Technicien:\u00a0 <a title=\"Me rejoindre\" href=\"mailto:jo@projeltestautomatisation.com\" target=\"_blank\">Jonathan Houde Gr\u00e9goire<\/a><br \/>\n<iframe loading=\"lazy\" width=\"562\" height=\"314\" frameborder=\"0\" scrolling=\"no\" marginheight=\"0\" marginwidth=\"0\" src=\"http:\/\/maps.google.ca\/maps?f=q&amp;source=embed&amp;hl=fr&amp;geocode=&amp;q=687+cowie+granby&amp;sll=49.310351,-123.125153&amp;sspn=0.180857,0.441513&amp;ie=UTF8&amp;hq=&amp;hnear=687+Rue+Cowie,+Granby,+La+Haute-Yamaska,+Qu%C3%A9bec&amp;layer=c&amp;cbll=45.394397,-72.748663&amp;panoid=GcY7nFNQNkPpkw2pChU_Qg&amp;cbp=11,339.85,,0,4.67&amp;ll=45.394412,-72.748675&amp;spn=0.004249,0.024118&amp;z=15&amp;output=svembed\"><\/iframe><br \/><small><a href=\"http:\/\/maps.google.ca\/maps?f=q&amp;source=embed&amp;hl=fr&amp;geocode=&amp;q=687+cowie+granby&amp;sll=49.310351,-123.125153&amp;sspn=0.180857,0.441513&amp;ie=UTF8&amp;hq=&amp;hnear=687+Rue+Cowie,+Granby,+La+Haute-Yamaska,+Qu%C3%A9bec&amp;layer=c&amp;cbll=45.394397,-72.748663&amp;panoid=GcY7nFNQNkPpkw2pChU_Qg&amp;cbp=11,339.85,,0,4.67&amp;ll=45.394412,-72.748675&amp;spn=0.004249,0.024118&amp;z=15\" style=\"color:#0000FF;text-align:left\">Agrandir le plan<\/a><\/small><!-- Facebook Badge START --><a href=\"http:\/\/www.facebook.com\/pages\/Granby-QC\/Pro-Jel-Test-Automatisation\/111718445533632\" title=\"Pro-Jel-Test Automatisation\" target=\"_TOP\" style=\"font-family: &quot;lucida grande&quot;,tahoma,verdana,arial,sans-serif; font-size: 11px; font-variant: normal; font-style: normal; font-weight: normal; color: #3B5998; text-decoration: none;\">Pro-Jel-Test Automatisation<\/a><br \/><a href=\"http:\/\/www.facebook.com\/pages\/Granby-QC\/Pro-Jel-Test-Automatisation\/111718445533632\" title=\"Pro-Jel-Test Automatisation\" target=\"_TOP\"><img decoding=\"async\" loading=\"lazy\" src=\"http:\/\/badge.facebook.com\/badge\/111718445533632.818.433066183.png\" width=\"120\" height=\"101\" style=\"border: 0px;\" \/><\/a><br \/><a href=\"http:\/\/www.facebook.com\/business\/dashboard\/\" title=\"Cr\u00e9ez votre propre badge !\" target=\"_TOP\" style=\"font-family: &quot;lucida grande&quot;,tahoma,verdana,arial,sans-serif; font-size: 11px; font-variant: normal; font-style: normal; font-weight: normal; color: #3B5998; text-decoration: none;\">Faites \u00e9galement la promotion de votre Page<\/a><!-- Facebook Badge END --><\/p>\n","protected":false},"excerpt":{"rendered":"<p>Pro-Jel-Test Inc. Nos bureau: 687 Cowie Granby Qu\u00e9. Canada J2G-3X5 Tel: 450-375-4721 T\u00e9l\u00e9copieur: 450-375-6075 Courriel: projeltest@qc.aira.com Site Web: www.projeltestautomatisation.com Contact<a href=\"https:\/\/www.projeltestautomatisation.com\/wordpress\/nous-contacter\" class=\"searchmore\">Read the Rest&#8230;<\/a><\/p>\n<div class=\"clr\"><\/div>\n","protected":false},"author":3,"featured_media":0,"parent":0,"menu_order":0,"comment_status":"open","ping_status":"closed","template":"","meta":{"_mi_skip_tracking":false,"_monsterinsights_sitenote_active":false,"_monsterinsights_sitenote_note":"","_monsterinsights_sitenote_category":0,"_s2mail":""},"_links":{"self":[{"href":"https:\/\/www.projeltestautomatisation.com\/wordpress\/wp-json\/wp\/v2\/pages\/116"}],"collection":[{"href":"https:\/\/www.projeltestautomatisation.com\/wordpress\/wp-json\/wp\/v2\/pages"}],"about":[{"href":"https:\/\/www.projeltestautomatisation.com\/wordpress\/wp-json\/wp\/v2\/types\/page"}],"author":[{"embeddable":true,"href":"https:\/\/www.projeltestautomatisation.com\/wordpress\/wp-json\/wp\/v2\/users\/3"}],"replies":[{"embeddable":true,"href":"https:\/\/www.projeltestautomatisation.com\/wordpress\/wp-json\/wp\/v2\/comments?post=116"}],"version-history":[{"count":48,"href":"https:\/\/www.projeltestautomatisation.com\/wordpress\/wp-json\/wp\/v2\/pages\/116\/revisions"}],"predecessor-version":[{"id":333,"href":"https:\/\/www.projeltestautomatisation.com\/wordpress\/wp-json\/wp\/v2\/pages\/116\/revisions\/333"}],"wp:attachment":[{"href":"https:\/\/www.projeltestautomatisation.com\/wordpress\/wp-json\/wp\/v2\/media?parent=116"}],"curies":[{"name":"wp","href":"https:\/\/api.w.org\/{rel}","templated":true}]}}